der when 951 is divided by 137?
129
Calculate the remainder when 294740 is divided by 14.
12
Calculate the remainder when 44352 is divided by 3411.
9
Calculate the remainder when 17825 is divided by 133.
3
What is the remainder when 4383 is divided by 169?
158
What is the remainder when 18009 is divided by 1280?
89
Calculate the remainder when 3878 is divided by 205.
188
What is the remainder when 592 is divided by 274?
44
Calculate the remainder when 76797 is divided by 711.
9
Calculate the remainder when 8252 is divided by 4123.
6
What is the remainder when 7254 is divided by 1767?
186
Calculate the remainder when 642 is divided by 40.
2
Calculate the remainder when 15137 is divided by 15012.
125
What is the remainder when 26298 is divided by 547?
42
Calculate the remainder when 76944 is divided by 25639.
27
What is the remainder when 20369 is divided by 412?
181
What is the remainder when 27494 is divided by 1963?
12
What is the remainder when 1625859 is divided by 541948?
15
What is the remainder when 1857 is divided by 459?
21
Calculate the remainder when 383327 is divided by 726.
725
What is the remainder when 502863 is divided by 154?
53
Calculate the remainder when 88818 is divided by 12687.
9
What is the remainder when 2582778 is divided by 1451?
1449
Calculate the remainder when 17218 is divided by 1075.
18
What is the remainder when 985 is divided by 421?
143
Calculate the remainder when 1191 is divided by 594.
3
Calculate the remainder when 110820 is divided by 619.
19
What is the remainder when 11073 is divided by 5?
3
What is the remainder when 1131 is divided by 18?
15
What is the remainder when 24462 is divided by 4885?
37
What is the remainder when 1961 is divided by 17?
6
Calculate the remainder when 656 is divided by 83.
75
Calculate the remainder when 92168 is divided by 86.
62
What is the remainder when 34648 is divided by 990?
988
What is the remainder when 1228 is divided by 297?
40
Calculate the remainder when 5484 is divided by 5320.
164
Calculate the remainder when 5926 is divided by 26.
24
What is the remainder when 1588287 is divided by 23?
22
Calculate the remainder when 8502 is divided by 468.
78
What is the remainder when 4790 is divided by 268?
234
Calculate the remainder when 3351 is divided by 219.
66
What is the remainder when 182980 is divided by 245?
210
What is the remainder when 14464 is divided by 257?
72
Calculate the remainder when 219603 is divided by 109795.
13
What is the remainder when 6660 is divided by 105?
45
What is the remainder when 878 is divided by 270?
68
Calculate the remainder when 1514 is divided by 305.
294
Calculate the remainder when 17656 is divided by 84.
16
What is the remainder when 33631 is divided by 1678?
71
Calculate the remainder when 175885 is divided by 82.
77
What is the remainder when 4379 is divided by 1439?
62
Calculate the remainder when 2198 is divided by 49.
42
What is the remainder when 99599 is divided by 135?
104
Calculate the remainder when 11763 is divided by 22.
15
Calculate the remainder when 9159 is divided by 570.
39
What is the remainder when 165058 is divided by 262?
260
Calculate the remainder when 829 is divided by 115.
24
Calculate the remainder when 607328 is divided by 21690.
8
Calculate the remainder when 286840 is divided by 71705.
20
What is the remainder when 12697 is divided by 720?
457
Calculate the remainder when 2496 is divided by 997.
502
Calculate the remainder when 4973 is divided by 4650.
323
Calculate the remainder when 6427 is divided by 644.
631
Calculate the remainder when 1876 is divided by 922.
32
Calculate the remainder when 18765 is divided by 12.
9
What is the remainder when 299627 is divided by 161?
6
What is the remainder when 102 is divided by 3?
0
Calculate the remainder when 8738 is divided by 487.
459
Calculate the remainder when 3587 is divided by 213.
179
Calculate the remainder when 17274 is divided by 822.
12
What is the remainder when 691 is divided by 221?
28
What is the remainder when 12883 is divided by 675?
58
What is the remainder when 25843 is divided by 137?
87
Calculate the remainder when 690 is divided by 668.
22
What is the remainder when 439292 is divided by 32?
28
Calculate the remainder when 2953 is divided by 142.
113
Calculate the remainder when 172691 is divided by 1028.
1015
Calculate the remainder when 1628 is divided by 1587.
41
What is the remainder when 232251 is divided by 1858?
1
Calculate the remainder when 69786 is divided by 13956.
6
Calculate the remainder when 49636 is divided by 9.
1
Calculate the remainder when 16779 is divided by 8385.
9
What is the remainder when 436670 is divided by 66?
14
What is the remainder when 18933 is divided by 6310?
3
What is the remainder when 5953 is divided by 124?
1
Calculate the remainder when 5879 is divided by 312.
263
Calculate the remainder when 40851 is divided by 40844.
7
What is the remainder when 505 is divided by 434?
71
What is the remainder when 13613 is divided by 126?
5
What is the remainder when 33809 is divided by 805?
804
What is the remainder when 2044 is divided by 129?
109
What is the remainder when 687 is divided by 300?
87
What is the remainder when 15226 is divided by 2782?
1316
What is the remainder when 28498 is divided by 1238?
24
Calculate the remainder when 55074 is divided by 298.
242
Calculate the remainder when 91946 is divided by 50.
46
What is the remainder when 13373 is divided by 25?
23
Calculate the remainder when 7874 is divided by 7873.
1
Calculate the remainder when 17552 is divided by 66.
62
Calculate the remainder when 3425 is divided by 267.
221
What is the remainder when 12656 is divided by 786?
80
Calculate the remainder when 2878 is divided by 1425.
28
What is the remainder when 13324 is divided by 3248?
332
Calculate the remainder when 14648 is divided by 377.
322
What is the remainder when 2604 is divided by 402?
192
Calculate the remainder when 957 is divided by 466.
25
What is the remainder when 419 is divided by 376?
43
What is the remainder when 20486 is divided by 1375?
1236
What is the remainder when 594823 is divided by 7?
5
Calculate the remainder when 4846 is divided by 1179.
130
What is the remainder when 2099 is divided by 445?
319
What is the remainder when 18916 is divided by 4729?
0
Calculate the remainder when 12291 is divided by 19.
17
Calculate the remainder when 15076 is divided by 111.
91
What is the remainder when 28821 is divided by 69?
48
Calculate the remainder when 148968 is divided by 49655.
3
What is the remainder when 5983 is divided by 2873?
237
What is the remainder when 30278 is divided by 11?
6
What is the remainder when 10787 is divided by 3333?
788
What is the remainder when 13177 is divided by 58?
11
What is the remainder when 179 is divided by 69?
41
Calculate the remainder when 1580 is divided by 1562.
18
Calculate the remainder when 40335 is divided by 10080.
15
What is the remainder when 4105 is divided by 243?
217
What is the remainder when 9216 is divided by 835?
31
What is the remainder when 3169 is divided by 1406?
357
Calculate the remainder when 3711 is divided by 3699.
12
Calculate the remainder when 6708 is divided by 144.
84
What is the remainder when 375600 is divided by 187789?
22
What is the remainder when 234343 is divided by 423?
1
Calculate the remainder when 589959 is divided by 56.
55
What is the remainder when 81248 is divided by 4502?
212
Calculate the remainder when 3919 is divided by 894.
343
Calculate the remainder when 158255 is divided by 16.
15
Calculate the remainder when 37945 is divided by 212.
209
What is the remainder when 948 is divided by 21?
3
Calculate the remainder when 498670 is divided by 368.
30
Calculate the remainder when 11741 is divided by 56.
37
What is the remainder when 3321 is divided by 3320?
1
What is the remainder when 4587596 is divided by 1173?
1166
Calculate the remainder when 60692 is divided by 3.
2
What is the remainder when 2579 is divided by 1708?
871
Calculate the remainder when 3885 is divided by 170.
145
What is the remainder when 2270 is divided by 2113?
157
Calculate the remainder when 190374 is divided by 259.
9
What is the remainder when 65838 is divided by 968?
14
What is the remainder when 4202 is divide